 the prime factors of 37074?
2, 3, 37, 167
List the prime factors of 121565.
5, 41, 593
List the prime factors of 1531578.
2, 3, 37, 6899
List the prime factors of 9420607.
7, 37, 36373
List the prime factors of 411152.
2, 7, 3671
What are the prime factors of 61516?
2, 7, 13
What are the prime factors of 298313?
31, 9623
What are the prime factors of 2084475?
3, 5, 27793
List the prime factors of 1200732.
2, 3, 13, 43, 179
List the prime factors of 5858282.
2, 269, 10889
What are the prime factors of 13799711?
167, 82633
List the prime factors of 89196.
2, 3, 7433
What are the prime factors of 3850233?
3, 673, 1907
What are the prime factors of 185900?
2, 5, 11, 13
What are the prime factors of 271300?
2, 5, 2713
What are the prime factors of 53648?
2, 7, 479
List the prime factors of 1877236.
2, 31, 15139
What are the prime factors of 1316344?
2, 17, 9679
List the prime factors of 525664.
2, 16427
What are the prime factors of 7545359?
7545359
List the prime factors of 55810.
2, 5, 5581
List the prime factors of 50025.
3, 5, 23, 29
What are the prime factors of 663674?
2, 11, 97, 311
List the prime factors of 3115779.
3, 31, 33503
What are the prime factors of 14108964?
2, 3, 29, 40543
List the prime factors of 1254778.
2, 7, 89627
What are the prime factors of 2965918?
2, 1482959
What are the prime factors of 3069016?
2, 383627
What are the prime factors of 897985?
5, 11, 29, 563
What are the prime factors of 1838608?
2, 114913
What are the prime factors of 374868?
2, 3, 13, 89
What are the prime factors of 1840251?
3, 7, 87631
List the prime factors of 8442643.
11, 767513
What are the prime factors of 2310842?
2, 41, 28181
List the prime factors of 4002664.
2, 500333
List the prime factors of 369982.
2, 29, 6379
What are the prime factors of 158405?
5, 13, 2437
List the prime factors of 247666.
2, 123833
List the prime factors of 78227.
137, 571
List the prime factors of 150226.
2, 31, 2423
List the prime factors of 4051081.
4051081
What are the prime factors of 323507?
323507
What are the prime factors of 5199948?
2, 3, 13, 41, 271
List the prime factors of 7848786.
2, 3, 11, 19, 569
What are the prime factors of 12718556?
2, 31, 109, 941
List the prime factors of 6939859.
17, 23, 17749
List the prime factors of 2025821.
7, 251, 1153
What are the prime factors of 303639?
3, 7, 19, 761
What are the prime factors of 72872?
2, 9109
List the prime factors of 6108566.
2, 3054283
List the prime factors of 6515220.
2, 3, 5, 108587
What are the prime factors of 7667860?
2, 5, 383393
List the prime factors of 1054092.
2, 3, 13, 29, 233
What are the prime factors of 1620795?
3, 5, 11, 19, 47
List the prime factors of 1729252.
2, 7, 151, 409
List the prime factors of 20460756.
2, 3, 53, 607
What are the prime factors of 19490?
2, 5, 1949
List the prime factors of 1285514.
2, 41, 61, 257
List the prime factors of 9579275.
5, 383171
List the prime factors of 65177.
7, 9311
List the prime factors of 222607.
7, 11, 59
What are the prime factors of 638495?
5, 11, 13, 19, 47
What are the prime factors of 114790?
2, 5, 13, 883
List the prime factors of 3297282.
2, 3, 549547
What are the prime factors of 1651088?
2, 37, 2789
What are the prime factors of 2839106?
2, 947, 1499
What are the prime factors of 4570755?
3, 5, 7, 101, 431
What are the prime factors of 579731?
31, 18701
List the prime factors of 3107820.
2, 3, 5, 51797
List the prime factors of 99537.
3, 33179
What are the prime factors of 685171?
563, 1217
List the prime factors of 34581.
3, 11527
List the prime factors of 2962593.
3, 329177
List the prime factors of 6701455.
5, 1340291
List the prime factors of 54766.
2, 139, 197
What are the prime factors of 809696?
2, 25303
What are the prime factors of 2003619?
3, 151, 4423
List the prime factors of 25143306.
2, 3, 17, 53, 4651
What are the prime factors of 10328362?
2, 11, 19, 24709
List the prime factors of 328283.
328283
What are the prime factors of 14380461?
3, 1597829
What are the prime factors of 186256?
2, 7, 1663
What are the prime factors of 2634472?
2, 329309
List the prime factors of 1297058.
2, 7, 92647
What are the prime factors of 6716566?
2, 1033, 3251
What are the prime factors of 672263?
547, 1229
List the prime factors of 7202225.
5, 288089
List the prime factors of 6427835.
5, 79, 16273
What are the prime factors of 932284?
2, 233071
What are the prime factors of 1985494?
2, 7, 37, 3833
List the prime factors of 1400811.
3, 43, 10859
List the prime factors of 1003125.
3, 5, 107
List the prime factors of 213249.
3, 31, 2293
List the prime factors of 497294.
2, 7, 35521
What are the prime factors of 3087603?
3, 349, 983
What are the prime factors of 23368223?
23368223
List the prime factors of 5451005.
5, 7, 19, 1171
List the prime factors of 21189144.
2, 3, 882881
List the prime factors of 159850.
2, 5, 23, 139
List the prime factors of 183413.
17, 10789
List the prime factors of 9288842.
2, 59, 223, 353
What are the prime factors of 426067?
53, 8039
List the prime factors of 324029.
173, 1873
What are the prime factors of 1408680?
2, 3, 5, 7, 13, 43
List the prime factors of 100915.
5, 20183
List the prime factors of 8854546.
2, 4427273
What are the prime factors of 228673?
347, 659
List the prime factors of 2798533.
313, 8941
What are the prime factors of 33662047?
139, 242173
List the prime factors of 916302.
2, 3, 152717
What are the prime factors of 1732149?
3, 192461
List the prime factors of 1413223.
7, 201889
What are the prime factors of 2435?
5, 487
What are the prime factors of 10053508?
2, 19, 132283
List the prime factors of 6375124.
2, 7, 223, 1021
What are the prime factors of 1756333?
1756333
List the prime factors of 6614644.
2, 71, 23291
What are the prime factors of 2571805?
5, 514361
List the prime factors of 13344497.
13344497
What are the prime factors of 725462?
2, 31, 11701
List the prime factors of 946711.
863, 1097
List the prime factors of 1799989.
197, 9137
List the prime factors of 5035252.
2, 23, 229, 239
List the prime factors of 1204676.
2, 11, 19, 131
List the prime factors of 3508925.
5, 7, 20051
What are the prime factors of 207376?
2, 13, 997
What are the prime factors of 2029752?
2, 3, 9397
List the prime factors of 2402971.
23, 191, 547
List the prime factors of 178063.
41, 43, 101
What are the prime factors of 281141?
7, 40163
List the prime factors of 335376.
2, 3, 17, 137
What are the prime factors of 3202374?
2, 3, 7, 19, 4013
List the prime factors of 3252684.
2, 3, 271057
What are the prime factors of 34759672?
2, 4344959
List the prime factors of 11071884.
2, 3, 47, 67, 293
What are the prime factors of 616874?
2, 308437
What are the prime factors of 207842?
2, 17, 6113
List the prime factors of 175036.
2, 43759
What are the prime factors of 110067?
3, 19, 1931
What are the prime factors of 2884094?
2, 1117, 1291
List the prime factors of 407951.
23, 17737
What are the prime factors of 37682?
2, 83, 227
List the prime factors of 2008076.
2, 7, 29, 2473
What are the prime factors of 737023?
7, 211, 499
List the prime factors of 302791.
302791
What are the prime factors of 692559?
3, 7, 10993
List the prime factors of 1575924.
2, 3, 7, 73, 257
List the prime factors of 549621.
3, 173, 353
List the prime factors of 4598230.
2, 5, 7, 13, 31, 163
List the prime factors of 3484857.
3, 1161619
What are the prime factors of 265070?
2, 5, 13, 2039
List the prime factors of 3885840.
2, 3, 5, 7, 257
What are the prime factors of 277030?
2, 5, 13, 2131
List the prime factors of 154364.
2, 7, 37, 149
List the prime factors of 138510.
2, 3, 5, 19
What are the prime factors of 7204130?
2, 5, 720413
What are the prime factors of 294228?
2, 3, 11, 743
List the prime factors of 7673032.
2, 47, 20407
List the prime factors of 96415.
5, 11, 1753
List the prime factors of 3821531.
7, 545933
List the prime factors of 1220697.
3, 29, 1559
List the prime factors of 23738674.
2, 109, 108893
List the prime factors of 1156469.
307, 3767
What are the prime factors of 28135614?
2, 3, 13, 37, 9749
What are the prime factors of 525300?
2, 3, 5, 17, 103
What are the prime factors of 1233464?
2, 154183
List the prime factors of 1013120.
2, 5, 1583
What are the prime factors of 851402?
2, 425701
List the prim